2
In base 12, what is -239a - 2?
-23a0
In base 2, what is 10 - -10111001?
10111011
In base 6, what is 4 - 10052?
-10044
In base 15, what is -4e - 4?
-53
In base 6, what is 5124 - -5?
5133
In base 5, what is -1204 + 2?
-1202
In base 16, what is -2 - -49?
47
In base 12, what is -1540 - 4?
-1544
In base 3, what is 2 + 1002012?
1002021
In base 8, what is 20 + 70?
110
In base 7, what is -3202 + -6?
-3211
In base 12, what is 63 + -5?
5a
In base 5, what is 10 - 200?
-140
In base 14, what is 4 - 4c?
-48
In base 16, what is -1 + -451?
-452
In base 13, what is -21 + -4?
-25
In base 11, what is 2 - -120?
122
In base 10, what is -4 + 59?
55
In base 5, what is 3 + -42?
-34
In base 10, what is -3 + -57?
-60
In base 4, what is -211 - -2?
-203
In base 15, what is -d + -2?
-10
In base 13, what is 10a - -28?
135
In base 8, what is 32103 - 5?
32076
In base 6, what is -1032 + -44?
-1120
In base 8, what is 1 - 44?
-43
In base 11, what is -8 + -9?
-16
In base 5, what is 4120 + 3?
4123
In base 4, what is -11201 - -11?
-11130
In base 16, what is 0 - -1be?
1be
In base 3, what is -12 - -110?
21
In base 10, what is 5 + -114?
-109
In base 8, what is 5 + 115?
122
In base 2, what is -1011 - -110100111?
110011100
In base 3, what is -11 - 1120112?
-1120200
In base 9, what is -4 + 173?
168
In base 10, what is 114 - -7?
121
In base 7, what is 162 + -2?
160
In base 4, what is -322 - -31?
-231
In base 11, what is -3 - 14a3?
-14a6
In base 14, what is 7 + 8?
11
In base 4, what is -113 - 3231?
-10010
In base 6, what is 23342 + 5?
23351
In base 16, what is -4 - 357?
-35b
In base 3, what is 200022 - -110?
200202
In base 7, what is 0 + -32?
-32
In base 6, what is -551 - -1?
-550
In base 6, what is 1403 - -13?
1420
In base 5, what is -224411 + 4?
-224402
In base 7, what is 112 - 11?
101
In base 10, what is 732 + 4?
736
In base 15, what is -1 + 373?
372
In base 9, what is -4 + 156?
152
In base 4, what is 102220 + -11?
102203
In base 11, what is -148 + -4?
-151
In base 11, what is -1 + -1651?
-1652
In base 6, what is 0 + 5430?
5430
In base 11, what is 0 - -882?
882
In base 9, what is 217 - -4?
222
In base 3, what is -20 + -1120?
-1210
In base 13, what is -1b - 12?
-30
In base 12, what is -38 - -2?
-36
In base 16, what is 10 + f9?
109
In base 16, what is 1d + 4?
21
In base 16, what is a9 + -3?
a6
In base 4, what is -202330 + -3?
-202333
In base 14, what is -5 + 560?
559
In base 3, what is 21012122 + -11?
21012111
In base 7, what is 453 + 3?
456
In base 4, what is -11 - -13101?
13030
In base 10, what is -14 - -23?
9
In base 2, what is 11 - 1011101101000?
-1011101100101
In base 14, what is 4b - -5?
52
In base 9, what is 336 - 28?
307
In base 2, what is -10000111000 - -100?
-10000110100
In base 7, what is -511 - -4?
-504
In base 6, what is -2021 - -2?
-2015
In base 3, what is 11 + 1200?
1211
In base 12, what is -6 - 10?
-16
In base 4, what is 21 - 1301?
-1220
In base 8, what is -1451 - -2?
-1447
In base 4, what is -100211 - 22?
-100233
In base 4, what is 1101 + 2?
1103
In base 7, what is 242 + 2?
244
In base 3, what is -2012010 - -10?
-2012000
In base 8, what is -172 + -11?
-203
In base 15, what is -15 + 8?
-c
In base 10, what is -24955 + 0?
-24955
In base 12, what is 4 + 18?
20
In base 6, what is 34 + -150?
-112
In base 15, what is 1 + -95?
-94
In base 6, what is -4 - 151?
-155
In base 13, what is -228 + -6?
-231
In base 3, what is -1111102 + -12?
-1111121
In base 11, what is -18 - -3?
-15
In base 11, what is 0 + 737?
737
In base 4, what is -302 - -13?
-223
In base 12, what is 15 + 0?
15
In base 16, what is 13 - -50?
63
In base 6, what is 12 - 402?
-350
In base 14, what is 1 - 377?
-376
In base 11, what is 51 - 5?
47
In base 9, what is 1706 - 5?
1701
In base 11, what is 101 - -14?
115
In base 3, what is 121021 + 10?
121101
In base 2, what is 10010011100 - 0?
10010011100
In base 16, what is -2 - 3c?
-3e
In base 2, what is 1 - -111100?
111101
In base 6, what is 21 + -11?
10
In base 12, what is 15 + 12?
27
In base 14, what is -11 - 21?
-32
In base 16, what is 5 - -11f?
124
In base 9, what is 7 + -61?
-53
In base 4, what is 2021120 + -10?
2021110
In base 8, what is -7575 - -5?
-7570
In base 12, what is 427 - -19?
444
In base 6, what is 0 + -230?
-230
In base 3, what is -10 + 2001210?
2001200
In base 8, what is -105 + -5?
-112
In base 4, what is -213013 - 11?
-213030
In base 5, what is -1000041 + 4?
-1000032
In base 6, what is 5442 - -2?
5444
In base 9, what is 4 - 77?
-73
In base 5, what is -130234 - 3?
-130242
In base 11, what is 114 - -a?
123
In base 5, what is 2141 + -11?
2130
In base 11, what is 783 - 5?
779
In base 4, what is 1010 - -3102?
10112
In base 16, what is -2950 - 1?
-2951
In base 3, what is -1 - -100?
22
In base 12, what is -1 - 18?
-19
In base 8, what is -4 + -401?
-405
In base 11, what is -2 + -12?
-14
In base 4, what is 10 - 1332?
-1322
In base 11, what is -7 - -35?
29
In base 5, what is 34 - 112?
-23
In base 6, what is -22415 - 2?
-22421
In base 9, what is 10 + -18?
-8
In base 8, what is -321 + -1?
-322
In base 7, what is 2 + 156?
161
In base 15, what is -2 + 1b3?
1b1
In base 15, what is 3 + 30?
33
In base 14, what is 329 - 0?
329
In base 12, what is -69 + -5?
-72
In base 7, what is 21 - 1412?
-1361
In base 8, what is -1616 - 1?
-1617
In base 7, what is 161 + -1?
160
In base 12, what is 0 - 33?
-33
In base 15, what is -8 - 3?
-b
In base 11, what is -791 + -4?
-795
In base 13, what is -5 - c89?
-c91
In base 12, what is 5430 + -2?
542a
In base 7, what is -10 + -153?
-163
In base 7, what is 12100 + -1?
12066
In base 12, what is -4228 + -1?
-4229
In base 7, what is 35 + -5?
30
In base 13, what is -21 + b?
-13
In base 5, what is 33 + 11332?
11420
In base 8, what is 23 - -1?
24
In base 3, what is -12201 - 100?
-20001
In base 13, what is 5c4 + -10?
5b4
In base 15, what is -348 + 2?
-346
In base 2, what is 11101101 - -100?
11110001
In base 4, what is 11 + -23312?
-23301
In base 14, what is 5 + -12b?
-126
In base 14, what is 3 - 267?
-264
In base 9, what is 86 + 15?
112
In base 5, what is -42 - 40?
-132
In base 12, what is 3 - 1593?
-1590
In base 12, what is -11 + -37?
-48
In base 6, what is 2045 + -2?
2043
In base 10, what is 3 - 58?
-55
In base 2, what is -100 - 10100101000?
-10100101100
In base 8, what is 15 - 160?
-143
In base 9, what is 114 - 72?
32
In base 4, what is -31 - -31303?
31212
In base 3, what is 1112 - 2?
1110
In base 13, what is -36c + 3?
-369
In base 3, what is 101 - 1010?
-202
In base 4, what is 3 + -20?
-11
In base 10, what is 1266 + 4?
1270
In base 5, what is 420 + -11?
404
In base 9, what is -215 + -15?
-231
In base 10, what is -29 + 396?
367
In base 11, what is 8 - -2007?
2014
In base 4, what is -1021 - -1?
-1020
In base 2, what is -1010001010 + 0?
-1010001010
In base 13, what is 25a + 0?
25a
In base 14, what is 0 - -543?
543
In base 13, what is 10 - -5?
15
In base 9, what is 5685 + 5?
5701
In base 13, what is 3 + -21?
-1b
In base 11, what is -9 + -19?
-27
In base 6, what is -3 - -32?
25
In base 4, what is -212 + 3?
-203
In base 9, what is -36814 - 3?
-36817
In base 16, what is 2 + 56b?
56d
In base 4, what is 101113 - -10?
101123
In base 11, what is 39 + -30?
9
In base 15, what is -407 + -6?
-40d
In base 4, what is 1021123 + -2?
1021121
In base 4, what is 22211 - 11?
22200
In base 7, what is -11420 - -2?
-11415
In base 8, what is -33 - -16?
-15
In base 8, what is -5536 - -5?
-5531
In base 4, what is -100 - 222?
-322
In base 12, what is -2b4a + -3?
-2b51
In base 13, what is 19a - 3?
197
In base 11, what is 48 - -35?
82
In base 9, what is 3 + 2818?
2822
In base 14, what is 5 - -7?
c
In base 14, what is 4 + d4?
d8
In base 12, what is -13242 - 1?
-13243
In base 2, what is -1111100100 + 101?
-1111011111
In base 9, what is -4 - 83?
-87
In base 6, what is 20522 + -1?
20521
In base 9, what is -2038 - 2?
-2041
In base 5, what is -14044 - 40?
-14134
In base 4, what is 10 + 21012?
21022
In base 4, what is 1323223 + -10?
1323213
In base 9, what is -17 + 8?
-8
In base 5, what is -13423 - -20?
-13403
In base 7, what is -5 - -265?
260
In base 7, what is -14 + -1621?
-1635
In base 6, what is -213 - 12?
-225
In base 5, what is 10 - -2?
12
In base 16, what is 3 + 588?
58b
In base 8, what is 10 - -20?
30
In base 6, what is -112 - 11?
-123
In base 3, what is 0 - -2021?
2021
In